/5. Suppose v = -v + i. What are the prime factors of v?
2, 17
Let t(a) = a**2 - 5*a + 8. Let u be ((-2)/1)/((-8)/28). What are the prime factors of t(u)?
2, 11
Let m(o) = -4*o**2 + 6*o - 8. Let h(v) = -3*v**2 + 6*v - 8. Let a(l) = 5*h(l) - 4*m(l). List the prime factors of a(-11).
47
Suppose -5*f = -0*f + 45. Let s(p) = p**2 + 5*p - 1. What are the prime factors of s(f)?
5, 7
Let i(d) be the first derivative of -d**3/3 + d**2/2 + 2*d - 4. Suppose 0*l - l - 5 = k, 4*l = 5*k + 25. List the prime factors of i(l).
2
Let h = -8 - -9. Suppose 2*y = -w + 8, 4*y = 5*w + 15 + h. What are the prime factors of y?
2
Let p = 1377 + -1179. What are the prime factors of p?
2, 3, 11
Suppose 3*y + 9 = -2*v, v - 4*y - 32 = -3*v. Suppose 0 = v*r - 5*m + m - 274, 5*r - 455 = 5*m. List the prime factors of r.
2, 3, 5
Let c = 775 + 114. List the prime factors of c.
7, 127
Suppose 5*f + 73 = -5*p - 72, 0 = -f - 2*p - 33. Suppose 0 = -9*o + 4*o - 180. Let c = f - o. List the prime factors of c.
11
Suppose 4*v = -v. Suppose 0 = -v*n - 5*n + 140. List the prime factors of n.
2, 7
Suppose -l + 2*f + 1303 = 0, 4*l + 0*l - 5202 = 3*f. Suppose 10*n - 731 = l. List the prime factors of n.
7, 29
Suppose -52*s + 23594 = -5*s. List the prime factors of s.
2, 251
Suppose 0 = -5*i + 2*f + 141, f - 114 = -4*i + 2*f. List the prime factors of i.
29
Let a = 100 + -9. Let q = a + -56. Suppose 5*l - q = -z + 107, z = l - 26. List the prime factors of l.
2, 7
Let j = 47 + -118. Let k = 6 + j. Let r = -38 - k. What are the prime factors of r?
3
Let i(p) = -p**2 + 5*p + 5. Let m be i(7). Let y be m/(1*6/(-4)). Suppose -y = -r - 3*k, 3*r - 42 = k - 4*k. What are the prime factors of r?
2, 3
Suppose 4*z - 496 = -2*q, -5*q + 24 = 4*z - 460. What are the prime factors of z?
2, 3, 7
Let v(m) = 21*m + 21. Let x be v(7). Suppose -5*u + x = -157. List the prime factors of u.
5, 13
Let f be 2/(-8) - 57/12. Let t(s) = 7*s**3 + 2*s**2 - 2*s - 4. Let y be t(f). List the prime factors of y/(-49) + 4/14.
17
Let h = -4357 + 6168. List the prime factors of h.
1811
What are the prime factors of (62/(-8) - -5)*47*-4?
11, 47
Let l = 9 - 25. List the prime factors of (-12)/l - 4614/(-24).
193
Let w = -28 + 19. Let a = -5 - w. What are the prime factors of (-14)/a*32/(-56)?
2
Let n = -612 - -769. What are the prime factors of n?
157
Suppose -524*f + 540*f = 3984. List the prime factors of f.
3, 83
Suppose 2*g - 3*p - 17 = 0, -p + 3 = 2*g - 2. Let x = 6 + g. Suppose -3*s - x = -4*s. List the prime factors of s.
2, 5
Let n(v) = -17*v**3 + v**2 + 11*v + 11. What are the prime factors of n(-3)?
2, 223
Let x(r) = 8*r + 26. Let k be x(8). Let j = 148 - k. What are the prime factors of j?
2, 29
Suppose o = -4*g + 2, o - 2 = 2*g + g. Suppose -z - 4*z + 675 = g. List the prime factors of z.
3, 5
Let a = -8 - 7. Let t = -26 - a. Let q = 23 + t. List the prime factors of q.
2, 3
What are the prime factors of 1610/4*(-3560)/(-623)?
2, 5, 23
Suppose 2*q - 3*d = 3365, -4*d + 1041 = 4*q - 5739. Suppose -3*m - 4*f + 1364 = m, -q = -5*m - 2*f. List the prime factors of m.
2, 3, 7
Let s be (-6)/12 + (6/4 - 1). Suppose s = -5*r + 307 + 123. List the prime factors of r.
2, 43
Let r(v) = 7*v**2 - 24*v - 121. What are the prime factors of r(-11)?
2, 3, 5, 11
Suppose 19 + 125 = -3*u. Let n = u - -32. Let b = n - -62. What are the prime factors of b?
2, 23
List the prime factors of ((-26130)/(-156))/(1/2).
5, 67
Suppose -10 = a - 6*a. Let v(p) be the third derivative of p**4/4 + 2*p**3/3 + 9*p**2. List the prime factors of v(a).
2
Let y = -125 - 335. What are the prime factors of 3/9 - y/6?
7, 11
Let o(u) be the first derivative of 5/3*u**3 + 4 - 1/2*u**2 - 3*u - 1/4*u**4. List the prime factors of o(4).
3
Let h(c) = -c**2 + 10*c - 25. Let n be h(9). List the prime factors of (0 + -150)*8/n.
3, 5
Suppose 0 = r + 2*r. Let q be (r - 3)/((-33)/616). What are the prime factors of (238/q)/(1/12)?
3, 17
Suppose -4*o = -3*o + 3, -2*i + 2*o + 1530 = 0. What are the prime factors of i?
2, 3, 127
Let i = 316 - 177. What are the prime factors of i?
139
Let o = -13 - -16. Suppose 4*k - 11 = -o*l, -4*l - k + 19 = -0*l. Suppose -4*c - 5*n = -55, -c + l*n - 10 = -2*c. What are the prime factors of c?
3, 5
Let q = -356 + 386. What are the prime factors of q?
2, 3, 5
Suppose -5*s - 188 = -s. Let n = s + 23. Let u = n - -42. List the prime factors of u.
2, 3
Let o(s) = -101*s + 1198. What are the prime factors of o(-34)?
2, 3, 193
Let x be 48/4*9/18. Let w be (-3)/(-9) + 8/3. Suppose -4*f = h - 23, 0 = -x*f + w*f - h + 17. What are the prime factors of f?
2, 3
Let m be (36/15)/(3/10). Suppose 2*v + 2*v = m. Suppose v*w - 10 - 16 = 0. List the prime factors of w.
13
Let g be 420/189 - 2/9. Suppose -4*u = 4*i - 32 - 28, 0 = -2*i + g*u + 14. List the prime factors of i.
11
Let s = 244 - 77. What are the prime factors of s?
167
Suppose 9*z - 7436 - 8584 = 0. What are the prime factors of z?
2, 5, 89
Suppose -4*x = 4*y - 1872, 4*y = -5*x - 200 + 2077. What are the prime factors of y?
463
Let b(g) = g + 1. Let o be b(0). What are the prime factors of (o*-11)/((-1)/7) - 1?
2, 19
Let u(n) = -14*n + 8. Let o be u(-14). What are the prime factors of o - (-7 - -3) - 0/3?
2, 13
Suppose -5*d + 2*d = -9, 5*f + 3*d = 709. Let n be f/44 - (-2)/(-11). Suppose -51 = -2*y + n. What are the prime factors of y?
3
Let q(o) = -2*o**3 + 11 + 2 + o**2 - 8 - o + o**3. Suppose 0 = -3*b - 0*b. What are the prime factors of q(b)?
5
Let u = -47 + 822. What are the prime factors of u?
5, 31
Let g be ((-32)/24)/(2/12). Let f(x) = x**2 - 3*x + 20. What are the prime factors of f(g)?
2, 3
Suppose 0 = -x + 4*p + 24, -3*x + 7 + 15 = -2*p. What are the prime factors of (-48)/18*(-111)/x?
2, 37
Let t(z) = -60*z + 42. What are the prime factors of t(-6)?
2, 3, 67
Let w = -9 - -12. Suppose -w*a - 2*a + 5*l - 50 = 0, 2*l = 4. What are the prime factors of 50/(-4)*(a - -6)?
5
Let c = -21 + 16. Let a be 1/c - 1012/(-10). Suppose 3*b - g = 85, 5*b + 2*g - 26 = a. What are the prime factors of b?
3
Let t(r) = -3*r**2 - 3*r. Let x(q) = 5*q**2 + 7*q. Let g(y) = -5*t(y) - 2*x(y). Suppose -2*h + n = -4, -10 = -7*n + 12*n. What are the prime factors of g(h)?
2, 3
Let l be (-4)/((2 + -1)*-1). Let a = 3 - l. List the prime factors of a/(3*4/(-252)).
3, 7
Suppose -3*b = -3*z - 438, -5*b = 2*z - 56 - 653. What are the prime factors of b?
11, 13
Suppose 10 = -j - 3*x, 0 = j + 4*x - 3*x. Suppose r + 37 = t - 102, -5*t + 735 = j*r. List the prime factors of t.
11, 13
Suppose -3*q - 330 = 5*o, -2*o - 132 = -0*o + q. Let j = o - -223. What are the prime factors of j?
157
Suppose -2*w - 4215 = -9929. What are the prime factors of w?
2857
Suppose -9 = -2*n + 121. Suppose 11*t - 14*t - 2*l = -310, 0 = -5*l + 25. Let z = t - n. List the prime factors of z.
5, 7
Let z(m) be the first derivative of m**4/4 - 4*m**3/3 + m**2 + 3*m - 2. Let g be z(3). Suppose 11*v - 8*v - 96 = g. What are the prime factors of v?
2
What are the prime factors of 48/(-8) + 13 - -1074?
23, 47
Let f be 30*(97/21 - (-4)/(-14)). Suppose -2*m = -52 - f. What are the prime factors of m?
7, 13
Let k(m) = 13*m + 1. Suppose -15 = -9*a + 6*a. What are the prime factors of k(a)?
2, 3, 11
Suppose 8*v - 559 = 193. List the prime factors of v.
2, 47
Suppose 4*j - 8*i = -13*i + 9, -5*j = -5*i. List the prime factors of j*186 - (-1 + 3).
2, 23
Suppose 5*c = 3*o - 227, 0*c - 4*c + o = 183. Let p = c + 80. List the prime factors of p.
2, 17
Let g be 73/6 - (-2 - (-52)/24). Suppose -17*h + 420 = -g*h. List the prime factors of h.
2, 3, 7
Let r = -51 + 12. Let g = r - -41. List the prime factors of g.
2
Suppose f = -0*f - 5*j + 1698, 0 = 5*f + 4*j - 8406. What are the prime factors of f?
2, 839
Let t = 518 - -27. Suppose -4*l = 5*c - 579, -4*c - 89 = -4*l - t. What are the prime factors of c?
5, 23
Let m = -733 - -1550. What are the prime factors of m?
19, 43
Suppose 1 = -i - 4*k - 5, 0 = -2*k - 4. Suppose 0 = i*q - 41 - 67. List the prime factors of q.
2, 3
Let z = 1074 - 633. List the prime factors of z.
3, 7
Let h(m) = -3*m**2 + 7*m + 14. Let q be h(8). Let c = q - -207. List the prime factors of c.
5, 17
Suppose -8*j + 15 = -9. Let d(l) = 2*l**2 + 8*l - 7. List the prime factors of d(j).
5, 7
Let h be (3 - -1) + (-11 - -7). What are the prime f